 + 42530376?
42530372
In base 2, what is -110100000111 + 101011?
-110011011100
In base 16, what is -10e3 + -13b77?
-14c5a
In base 8, what is -756 - -150041?
147063
In base 5, what is 1002300403 - -133?
1002301041
In base 2, what is -100101 + -1111010110101010001000?
-1111010110101010101101
In base 2, what is 110111010101000110 - 111111110?
110111001101001000
In base 4, what is -1130022132233 + -20?
-1130022132313
In base 16, what is 596 - -22f3?
2889
In base 7, what is -1002065066 - -16?
-1002065050
In base 5, what is -1400300320 + 3?
-1400300312
In base 6, what is 551 - -1510013?
1511004
In base 6, what is -3015212 + -115?
-3015331
In base 6, what is 103301 - 433311?
-330010
In base 4, what is 11 - 23030100032?
-23030100021
In base 2, what is 1001100 - 1010010111011010111?
-1010010111010001011
In base 15, what is -43 - -27776?
27733
In base 9, what is 316 + 1446453?
1446770
In base 3, what is -12120122210 - -221?
-12120121212
In base 13, what is -385ab0c + -4?
-385ab13
In base 6, what is -33011 + -2342444?
-2415455
In base 14, what is 9840c - 2d5?
98117
In base 3, what is -1220001210202120 - -1?
-1220001210202112
In base 3, what is -1121 - -2002002221?
2002001100
In base 6, what is -2215501510 - 21?
-2215501531
In base 14, what is -527 + 7ac7?
75a0
In base 16, what is -1ad - -1a8d8?
1a72b
In base 12, what is 4 - 17067b6b?
-17067b67
In base 4, what is -200300 - 2232232?
-3033132
In base 12, what is -922702 + -12?
-922714
In base 8, what is -322443 - 2111?
-324554
In base 11, what is a57657 - -2?
a57659
In base 5, what is -122 + -40232030?
-40232202
In base 2, what is 110 + 10011110111101011010010011?
10011110111101011010011001
In base 7, what is -166115 - -23632?
-142153
In base 3, what is 102100021 - 1112201?
100210120
In base 14, what is -4 + 5306ada?
5306ad6
In base 10, what is 14794970 + 7?
14794977
In base 12, what is 513 + 2bb9?
3510
In base 7, what is 242416500 - 0?
242416500
In base 3, what is 10021022 + 1111211101?
1122002200
In base 10, what is 16178 + 398?
16576
In base 9, what is -102 + 226651?
226548
In base 7, what is 34340640 + 6?
34340646
In base 7, what is 20 + 22453532?
22453552
In base 10, what is 205034 - 61?
204973
In base 16, what is -bcf48 - 1d7?
-bd11f
In base 13, what is 415 - 837?
-422
In base 8, what is 4153 + 16105?
22260
In base 12, what is 14a2 - -797?
2079
In base 5, what is -2 - -210010204?
210010202
In base 3, what is 1012200201 + -1012?
1012122112
In base 5, what is -30 - 1422431001?
-1422431031
In base 15, what is -b7 - -26b15?
26a4d
In base 6, what is 43005 + -12404?
30201
In base 11, what is -32404 - 1669?
-33a72
In base 10, what is 3474626 - -19?
3474645
In base 8, what is 41437 + -24004?
15433
In base 12, what is -111998 - -374?
-111624
In base 5, what is -2322444400 - -4?
-2322444341
In base 16, what is 153 - 1676?
-1523
In base 10, what is -643 + -48570?
-49213
In base 2, what is -10100011000000011000 - 1101110101?
-10100011001110001101
In base 10, what is -24 + 1387048?
1387024
In base 9, what is -222 + 143511?
143278
In base 11, what is -95 + 631552?
631468
In base 15, what is ad + ac115?
ac1c3
In base 9, what is 106537 - 554?
105873
In base 11, what is 5 + 3927644?
3927649
In base 15, what is -573e - -1814?
-3e2a
In base 8, what is -565531 + -56?
-565607
In base 11, what is -20499 + 2582?
-18a17
In base 6, what is 22 + 43300020?
43300042
In base 13, what is b4 + -63518?
-63434
In base 16, what is -1e + 5254c7?
5254a9
In base 2, what is 1100110110100101 + -1100000000?
1100101010100101
In base 11, what is 196145 - -79?
196213
In base 12, what is 106ab69 + 5?
106ab72
In base 11, what is 172 + 426319?
426490
In base 12, what is 668891 - 3?
66888a
In base 6, what is 4131 + 1000433?
1005004
In base 7, what is 3562214302 - 4?
3562214265
In base 6, what is 14152 - -2234053?
2252245
In base 7, what is -33336263 - -3?
-33336260
In base 15, what is -1 - -9b2ddd?
9b2ddc
In base 9, what is 736384 + 133?
736527
In base 10, what is 17 - 50467164?
-50467147
In base 13, what is 5 - -117138?
117140
In base 9, what is -1 - -80377744?
80377743
In base 6, what is -30 + 3445012?
3444542
In base 7, what is 115515500045 + -1?
115515500044
In base 14, what is -14403c0 - -3?
-14403bb
In base 14, what is -c65 - 143?
-da8
In base 12, what is -126 + 3ab?
285
In base 14, what is 9 - 3d4332?
-3d4327
In base 3, what is -12 + 12012100210001112?
12012100210001100
In base 8, what is -5773 - 6475?
-14470
In base 14, what is 39475 - -12b?
395a2
In base 14, what is -22a2 - -40a7b?
3c7b9
In base 8, what is -1 - 54766746?
-54766747
In base 4, what is 11 - -112230301130?
112230301201
In base 6, what is 2 - 1034201132?
-1034201130
In base 5, what is 14 - -143012211?
143012230
In base 2, what is 10100110011001010001010000 + -100?
10100110011001010001001100
In base 3, what is -1221210212212 - -20111?
-1221210122101
In base 2, what is 10110100000100100 + -11101000?
10110011100111100
In base 13, what is -c5 - -2b3b?
2a46
In base 2, what is 10 + -11001010111111101010110011?
-11001010111111101010110001
In base 6, what is -3 - 44122311?
-44122314
In base 8, what is -74131143 - 0?
-74131143
In base 13, what is 18 + -c6616?
-c65cb
In base 11, what is -87297a1 + 2?
-872979a
In base 14, what is 80232 + 20?
80252
In base 14, what is -2579c7 - 28?
-257a11
In base 4, what is 223202 + 100231?
330033
In base 5, what is -12423 - 114320430?
-114333403
In base 6, what is 140 + 1331045?
1331225
In base 4, what is -11131 - -10011103?
3333312
In base 11, what is 3 - 842a3?
-842a0
In base 7, what is -545631530 - 2?
-545631532
In base 15, what is 98e0622 - 7?
98e061a
In base 7, what is -4 + 123321326?
123321322
In base 9, what is 613 - -1684327?
1685041
In base 14, what is -77 - -514a?
50b3
In base 5, what is -3 - -1444443232?
1444443224
In base 13, what is 1570 + -168c?
-11c
In base 12, what is 921338 - 1?
921337
In base 7, what is -64 + 112210?
112113
In base 3, what is -211022020122 - -1121201?
-211020121221
In base 6, what is 24030 + -2002?
22024
In base 10, what is 171242 + -2?
171240
In base 16, what is bb469c + 7?
bb46a3
In base 6, what is -53104554 - -3?
-53104551
In base 3, what is -1021210012221 - 120?
-1021210020111
In base 7, what is 15540114 - -40?
15540154
In base 14, what is 11 - -28dad?
28dc0
In base 6, what is 2 - -452423512?
452423514
In base 14, what is 193433b + -6a?
19342b1
In base 7, what is 2442 - -1624564?
1630336
In base 8, what is 1627 + -50035?
-46206
In base 12, what is -aa + 48a9?
47bb
In base 13, what is -24744 - -314?
-24430
In base 9, what is -5 - -22202745?
22202740
In base 5, what is -1300 - 1314001?
-1320301
In base 9, what is -5 + -1450858?
-1450864
In base 4, what is 30323113 + 3212?
30332331
In base 5, what is 3203424030 - -4?
3203424034
In base 12, what is 13380056 - 0?
13380056
In base 6, what is -250 - -3520034?
3515344
In base 2, what is 101100010100111100 + -101100111?
101100001111010101
In base 11, what is 4 + -78221617?
-78221613
In base 4, what is 222121301002 + -12?
222121300330
In base 5, what is -3412300034 - -1?
-3412300033
In base 11, what is 151 - 7593?
-7442
In base 13, what is -c + c6a?
c5b
In base 9, what is -1 - -5321417?
5321416
In base 6, what is -3 + 3030112145?
3030112142
In base 16, what is -4f74 - -b?
-4f69
In base 11, what is -84218 - 7?
-84224
In base 15, what is 6 - -38d1ee0?
38d1ee6
In base 9, what is 388 - -145678?
146177
In base 6, what is -433 - -120313520?
120313043
In base 6, what is 5002322410 - -3?
5002322413
In base 8, what is -7 + -4527276?
-4527305
In base 4, what is 11300312 + 20?
11300332
In base 10, what is 28102 + -1646?
26456
In base 11, what is 24188 - 4a?
24139
In base 2, what is 10001111011011010110 - -101?
10001111011011011011
In base 2, what is 100110110100000101 - 10000100011111?
100100101111100110
In base 12, what is 1a87 - 24?
1a63
In base 9, what is 1621248002 - -1?
1621248003
In base 14, what is -510 - -185?
-369
In base 5, what is 340142231 + 112?
340142343
In base 8, what is -56 - 1177404?
-1177462
In base 12, what is -44825 + 15?
-44810
In base 9, what is 6 + -7264675?
-7264668
In base 8, what is 55305143 + 0?
55305143
In base 14, what is -9a036a + -2?
-9a036c
In base 4, what is -20213132031 + 1000?
-20213131031
In base 12, what is 4a + 82137?
82185
In base 10, what i